4?
2, 11
Suppose -37 = 3*w - 43. Let v(t) = 10*t**3 - t**2 + 6*t - 1. Let n be v(w). Suppose 6 = 3*m - n. What are the prime factors of m?
31
Let i = -561 - -563. Suppose -i*q = -8, 4*n - 3696 = 4*q - 1192. List the prime factors of n.
2, 3, 5, 7
Let s = -73517 - -103958. What are the prime factors of s?
3, 73, 139
Let v(i) = 6*i**3 - 14*i**2 + 4*i - 3. Let r be v(6). List the prime factors of ((10 - 2) + -7)*r/1.
3, 271
Suppose -4*b + 5*b + 4*q - 9468 = 0, 3*b + 4*q = 28388. List the prime factors of b.
2, 5, 11, 43
Suppose -67*a + 52*a + 45 = 0. Suppose -23*l + 2224 = -21*l - 4*n, 0 = -a*l + 3*n + 3330. List the prime factors of l.
2, 277
Suppose -107 - 28 = -5*k. Let h = -3 - 14. Let r = k + h. What are the prime factors of r?
2, 5
Suppose -3 = 5*j + 2*n, 0*j + 7 = -3*j + 4*n. Let i be (j + 1)*(-28 - -29). Suppose i = 7*m - 138 - 16. List the prime factors of m.
2, 11
Let t(p) = -9*p**3 - 4*p**2 - 5*p + 2. Let k(o) = -6*o - 27. Let y = 108 + -112. Let h be k(y). List the prime factors of t(h).
2, 7
Suppose 4*z = -4*g, z - 2 = 4*g + 18. Let b be (-1061*1/z)/((-60)/240). What are the prime factors of b/4 + (-1)/4?
5, 53
Let c = 70 - -10306. List the prime factors of c.
2, 1297
Suppose 530 = -25*n + 30*n. Suppose n = p - 125. What are the prime factors of p?
3, 7, 11
Let g = -7 - -66. Suppose 17632 = -43*o + g*o. What are the prime factors of o?
2, 19, 29
Let p(x) = -31*x + 278. Let d be p(20). What are the prime factors of ((-8)/(48/d))/(6/92)?
2, 19, 23
Suppose -b + 36461 = 2*w, 4*b + 36*w - 37*w = 145862. What are the prime factors of b?
3, 5, 11, 13, 17
Suppose -3*d - 2*s = -361, 0 = 5*d - 2*s - 243 - 380. Let i = 603 - d. List the prime factors of i.
2, 3, 5
Suppose -5*m + 0*m + 11 = -w, 4*w = 2*m + 10. Suppose -w*j + 809 = -119. List the prime factors of j.
2, 29
Let m(d) = -14*d + 15*d**2 - 39*d**3 + 38*d**3 + 4*d**2 + 27. List the prime factors of m(17).
367
Let s(a) = -a**2 - 5*a + 13. Let b be s(-10). Let t = -37 - b. Let g(y) = -y**3 - y**2 + y + 76. List the prime factors of g(t).
2, 19
Suppose -4*r + 7*p + 39 = 2*p, 3*r - 30 = 4*p. What are the prime factors of 1308/8 - (-3)/r*-1?
163
Let k(g) = g**3 - 3*g**2 + 2*g - 1. Let t be k(3). Suppose t*r - 3516 = 2*l, 727 = -2*r + l + 2133. List the prime factors of r.
2, 11
Suppose 5*w = 4*y - 91, -3*w + 86 = -36*y + 41*y. Suppose -c = -3, -2*r + y*c - 15*c = -942. What are the prime factors of r?
3, 53
Suppose 14336 = 3*y - 4*k, -y - k + 2207 = -2574. List the prime factors of y.
2, 5, 239
Suppose 2*m + 13 = -5*z - 10, 0 = -5*z - 3*m - 22. What are the prime factors of 4/((-44)/8910*z/4)?
2, 3
Let f(t) = 13*t - 240. Let j = 429 - 388. What are the prime factors of f(j)?
293
Suppose -12129*z - 116842 = -12151*z. What are the prime factors of z?
47, 113
Let f(i) = 9. Let p(d) = d - 8. Let h(o) = 4*f(o) + 3*p(o). Let m be h(-3). Suppose 88 = -2*u + m*u. List the prime factors of u.
2, 11
Let c(k) = 7240*k**2 - 59*k + 57. List the prime factors of c(1).
2, 7, 11, 47
Suppose 0 = -73*o + 64*o + 8084 + 16486. What are the prime factors of o?
2, 3, 5, 7, 13
Suppose 10*p = -3*p. Suppose 5*j = 25, p = 3*k - 0*k + j - 5. Suppose -16*w + 5*w + 2178 = k. List the prime factors of w.
2, 3, 11
Let w be (2772/539)/(2/(-14)). Suppose 0 = 5*s - m - 441, -s = -6*s - 3*m + 437. Let n = s + w. List the prime factors of n.
2, 13
What are the prime factors of (-10 - -106)*(12 + 3)?
2, 3, 5
Let f = -8368 - -10783. List the prime factors of f.
3, 5, 7, 23
Suppose -96434 = -4*d + c, -125*c + 124*c = -2*d + 48216. List the prime factors of d.
24109
Suppose -11*i - 1163 - 388 = 0. Let k = 169 + i. List the prime factors of k/3*(-396)/(-24).
2, 7, 11
What are the prime factors of ((-236680)/(-14))/(104/364)?
2, 5, 61, 97
Let l(j) = -5671*j - 592. What are the prime factors of l(-3)?
16421
Let s = 176 - 180. List the prime factors of (-3 + 4)/(s/(8864/(-4))).
2, 277
Let u(x) = -3*x + 53. Let p be 453/27 + 12/54. Let l be u(p). Suppose l*j - 1440 = -6*j. List the prime factors of j.
2, 3, 5
Let s(m) = 19 - 90*m - 44 + 23. List the prime factors of s(-3).
2, 67
What are the prime factors of 7505/(-158)*(-96 + 0)?
2, 3, 5, 19
Let l = 86 + -24. Suppose -d + 66 = -l. What are the prime factors of d?
2
Let t be (1/(-3))/(4/(-108)). Let w(k) = k**3 - 11*k**2 - 22*k - 43. Let b be w(13). Let l = b + t. What are the prime factors of l?
2, 3
Suppose -l - 5*l = 1536. Let v = 660 - l. List the prime factors of v.
2, 229
Let w = -921 + 926. Suppose -3*j - j - 4*k = -2772, -j - w*k + 673 = 0. What are the prime factors of j?
2, 349
Let b be (-20)/110 + (-32826)/(-11). Suppose -4*g + b = -864. What are the prime factors of g?
2, 13, 37
Let w = 17810 - 4996. What are the prime factors of w?
2, 43, 149
Let q(f) = -2. Let m(a) = 19*a**3 - 5*a**2 - 8. Let c(g) = m(g) - 2*q(g). List the prime factors of c(3).
2, 29
Suppose 5*p - 38 = -18. Suppose 0 = -p*o + 21 + 191. Suppose -34*l = -33*l - o. What are the prime factors of l?
53
Let t(h) = -139*h + 120. Let d(y) = 417*y - 360. Let n(w) = -2*d(w) - 7*t(w). List the prime factors of n(6).
2, 3, 7, 17
Let k = 49 + -39. Suppose k*z - 21*z = -2794. List the prime factors of z.
2, 127
Let t(d) be the second derivative of 0 + 4*d**2 + 1/2*d**3 + d**4 + 29*d. What are the prime factors of t(-4)?
2, 47
Let i(p) = 4*p**3 + 8*p**2 + 7*p - 19. Let j be i(6). Suppose 1139 = 3*g - 4*o, 0 = -4*g - 3*o + j + 302. List the prime factors of g.
373
Let w be 176 - (-4 + 3)/((-3)/3). Suppose 177*p - 210 = w*p. What are the prime factors of p?
3, 5, 7
List the prime factors of (8331 + 1)*(-1930)/(-1544).
5, 2083
Let v(z) = 9*z - 8. Let p = -93 - -94. Let r be v(p). Let b(l) = 183*l**3 + l**2 - 2*l + 2. What are the prime factors of b(r)?
2, 23
Let q(z) be the third derivative of -z**5/10 + z**4/4 + 5*z**3/3 - 38*z**2. Let s be q(-4). Let u = 160 + s. What are the prime factors of u?
2, 5
Let m(c) = 148*c - 5. Let y(t) = -297*t + 9. Let v(f) = -5*m(f) - 3*y(f). What are the prime factors of v(5)?
3, 251
Let c be (26/6)/(2/(-6)). Let h(k) be the first derivative of -k**4/4 - 5*k**3 - 21*k**2 - 15*k + 137. List the prime factors of h(c).
193
Let h(t) = -17 + 8*t - 8 - 9. Let j(p) = p**3 + 18*p**2 - 11*p + 159. Let v be j(-19). List the prime factors of h(v).
2, 11
Suppose 651*x = 656*x - 25. Suppose -x*p + 7533 = 4*q, 8565 + 805 = 5*q - 3*p. List the prime factors of q.
1877
Let c(v) = -53*v - 138. Let n(x) = 2*x + 1. Let f(t) = c(t) + 2*n(t). What are the prime factors of f(-22)?
2, 3, 157
Let c(b) = -4*b**2 - 20*b - 1. Let i(h) = -h**2 - 1. Let n(m) = 4*m + 41. Let p be n(-9). Let t(z) = p*i(z) - c(z). List the prime factors of t(8).
2, 23
Let k = 39 + -24. Suppose -95 = -5*l - k. Suppose -11*f + l*f = 700. List the prime factors of f.
2, 5, 7
List the prime factors of -5 + 8491 + 0 + -6.
2, 5, 53
Suppose -311488 = 102*g - 164*g. What are the prime factors of g?
2, 157
Let n(k) = -2*k**2 - 22*k. Let i be n(-11). Suppose i = -4*t - 2*t + 60. What are the prime factors of t?
2, 5
Let d(y) = 156*y + 211. Let s be d(13). Suppose 0 = -2*i + 2*p + 1301 + 193, -p - s = -3*i. What are the prime factors of i?
2, 373
Let v(g) be the second derivative of 7*g**4/6 + 5*g**3/3 - 23*g**2/2 + g - 11. List the prime factors of v(7).
733
Suppose 0 = 3*s + 3*r + 147 - 7671, -5*r + 2488 = s. What are the prime factors of s?
7, 359
Suppose 3*h - 3486 = 2922. Suppose 34*g - 38*g + h = 0. Suppose 0*k + 6*k - g = 0. What are the prime factors of k?
89
Let u(y) = 22*y - 41. Let h be u(-19). Let d = h - -802. Let b = d + -205. List the prime factors of b.
2, 3, 23
Let o = 14 - 6. Suppose -o*w + 4 = -12*w, 3*t - 100 = w. List the prime factors of t.
3, 11
List the prime factors of (2/(-6))/((-4)/52848).
2, 3, 367
Suppose c + q - 10033 = 39073, 3*c - 147325 = -2*q. What are the prime factors of c?
3, 17, 107
Let j = -239 - -238. Let v(x) = 340*x**2 + 5*x + 3. List the prime factors of v(j).
2, 13
Let x(c) = -981*c + 311. What are the prime factors of x(-16)?
16007
What are the prime factors of (-5815)/(-10) - (-1)/(-2)?
7, 83
Let w(z) = -3*z**3 - 39*z**2 - z + 8. Let v be w(-13). Suppose 2*l - 21 = v. List the prime factors of l.
3, 7
Suppose -8565 = 12*z + 3*z. Let f = -471 - z. List the prime factors of f.
2, 5
Suppose 186117 = 